{"id":128,"date":"2011-02-21T19:47:09","date_gmt":"2011-02-21T18:47:09","guid":{"rendered":"http:\/\/www.tuseichholzremmighausen.de"},"modified":"2016-01-15T12:29:29","modified_gmt":"2016-01-15T11:29:29","slug":"historische-fotos","status":"publish","type":"page","link":"https:\/\/www.tuseichholzremmighausen.de\/wordpress\/historische-fotos","title":{"rendered":"Historisches ab dem Jahr 1912"},"content":{"rendered":"<p>Wir zeigen historische Fotos und Dokumente, die in Zusammenhang mit dem TuS Eichholz-Remmighausen, den Ortsteilen oder Personen stehen.<\/p>\n<p>Wenn ihr also \u00fcber Dokumente\u00a0 \u00e4hnlich den hier gezeigten verf\u00fcgt, <span style=\"text-decoration: underline;\">dann bitte her damit<\/span>. Es besteht gro\u00dfes Interesse diese \u00f6ffentlich zeigen zu k\u00f6nnen, auch in Bezug auf unser 100 j\u00e4hriges Vereinsjubil\u00e4um in 2012. Dazu darf ich ein erstes Fazit ziehen: Immerhin sind durch den Aufruf bis heute (1. April 2012) \u00fcber 30 verwertbare Dokumente neu dazu gekommen, das ist erfreulich!<\/p>\n<p><span style=\"color: #3366ff;\">Noch eine Bitte, wenn ihr beitragen k\u00f6nnt, zu Namen &#8211; genauem Datum &#8211; Ergebnis usw., dann \u00fcbermittelt dies doch bitte an uns \u00fcber das Kontaktformular oder gerne nat\u00fcrlich auch per direktem Kontakt!\u00a0<\/span><\/p>\n<p>Die Dokumente werden in chronologischer Reihenfolge ohne thematische Sortierung gezeigt:<\/p>\n<ul>\n<li><a href=\"https:\/\/www.tuseichholzremmighausen.de\/wordpress\/verein\/historische-fotos\/bis-1930\" target=\"_blank\"><strong>1912-1930<\/strong><\/a><\/li>\n<li><a href=\"https:\/\/www.tuseichholzremmighausen.de\/wordpress\/verein\/historische-fotos\/1931-1946\" target=\"_blank\"><strong>1931-1946<\/strong><\/a><\/li>\n<li><a href=\"https:\/\/www.tuseichholzremmighausen.de\/wordpress\/verein\/historische-fotos\/1947-1975\" target=\"_blank\"><strong>1947-1975<\/strong><\/a><\/li>\n<li><a href=\"https:\/\/www.tuseichholzremmighausen.de\/wordpress\/verein\/historische-fotos\/1976-1985\" target=\"_blank\"><strong>1976-1985<\/strong><\/a><\/li>\n<li><a href=\"https:\/\/www.tuseichholzremmighausen.de\/wordpress\/verein\/historische-fotos\/1986-1995\" target=\"_blank\"><strong>1986-1995<\/strong><\/a><\/li>\n<li><a href=\"https:\/\/www.tuseichholzremmighausen.de\/wordpress\/verein\/historische-fotos\/ab-1996\" target=\"_blank\"><strong>ab 1996<\/strong><\/a><\/li>\n<\/ul>\n<p>&nbsp;<\/p>\n","protected":false},"excerpt":{"rendered":"<p>Wir zeigen historische Fotos und Dokumente, die in Zusammenhang mit dem TuS Eichholz-Remmighausen, den Ortsteilen oder Personen stehen. Wenn ihr<\/p>\n","protected":false},"author":2,"featured_media":0,"parent":0,"menu_order":0,"comment_status":"closed","ping_status":"open","template":"","meta":{"colormag_page_container_layout":"default_layout","colormag_page_sidebar_layout":"default_layout","footnotes":""},"class_list":["post-128","page","type-page","status-publish","hentry"],"jetpack_sharing_enabled":true,"_links":{"self":[{"href":"https:\/\/www.tuseichholzremmighausen.de\/wordpress\/wp-json\/wp\/v2\/pages\/128","targetHints":{"allow":["GET"]}}],"collection":[{"href":"https:\/\/www.tuseichholzremmighausen.de\/wordpress\/wp-json\/wp\/v2\/pages"}],"about":[{"href":"https:\/\/www.tuseichholzremmighausen.de\/wordpress\/wp-json\/wp\/v2\/types\/page"}],"author":[{"embeddable":true,"href":"https:\/\/www.tuseichholzremmighausen.de\/wordpress\/wp-json\/wp\/v2\/users\/2"}],"replies":[{"embeddable":true,"href":"https:\/\/www.tuseichholzremmighausen.de\/wordpress\/wp-json\/wp\/v2\/comments?post=128"}],"version-history":[{"count":0,"href":"https:\/\/www.tuseichholzremmighausen.de\/wordpress\/wp-json\/wp\/v2\/pages\/128\/revisions"}],"wp:attachment":[{"href":"https:\/\/www.tuseichholzremmighausen.de\/wordpress\/wp-json\/wp\/v2\/media?parent=128"}],"curies":[{"name":"wp","href":"https:\/\/api.w.org\/{rel}","templated":true}]}}