{"id":13440,"date":"2020-08-08T17:18:00","date_gmt":"2020-08-08T15:18:00","guid":{"rendered":"https:\/\/www.tuseichholzremmighausen.de\/wordpress\/?page_id=13440"},"modified":"2025-12-17T08:15:50","modified_gmt":"2025-12-17T07:15:50","slug":"zeitachse-der-vorstand-des-tus-vor-und-nach-1945","status":"publish","type":"page","link":"https:\/\/www.tuseichholzremmighausen.de\/wordpress\/zeitachse-der-vorstand-des-tus-vor-und-nach-1945","title":{"rendered":"Der Vorstand des TuS vor und nach 1945"},"content":{"rendered":"<p><strong><span style=\"font-size: 14pt;\">Die Vorst\u00e4nde der 3 Gr\u00fcndervereine des TuS ab 1912:<\/span><\/strong><br \/>\n<strong>Heinrich Krumsiek von 1912-1918<\/strong>\u00a0 &#8211;\u00a0 &#8222;Frisch-Auf&#8220; Eichholz-Remmighausen<br \/>\n<strong>Albert W\u00fcnsch von 1919-1933\u00a0<\/strong> &#8211;\u00a0 &#8222;Frisch-Auf&#8220; Eichholz-Remmighausen<br \/>\n<strong>Ernst Grote von 1924-1933<\/strong>\u00a0 &#8211;\u00a0 Arbeitersportverein &#8222;Freie Turnerschaft&#8220; Eichholz-Remmighausen<br \/>\n<strong>Ludwig Adam von 1925-1933<\/strong>\u00a0 &#8211;\u00a0 Kraftsportverein &#8222;Herold&#8220; Eichholz-Remmighausen<br \/>\n<strong>Albert W\u00fcnsch von 1933-1940<\/strong>\u00a0 &#8211;\u00a0 Turnverein Eichholz-Remmighausen<\/p>\n<p>&nbsp;<\/p>\n<p><strong><span style=\"font-size: 14pt;\">Der gesch\u00e4ftsf\u00fchrende Vorstand des TuS nach der Neugr\u00fcndung ab 1945:<\/span><\/strong><\/p>\n<p><a href=\"https:\/\/www.tuseichholzremmighausen.de\/wordpress\/wp-content\/uploads\/2025\/12\/Historie_Vorstand.pdf\" rel=\"attachment wp-att-23384\"><img data-recalc-dims=\"1\" loading=\"lazy\" decoding=\"async\" data-attachment-id=\"23384\" data-permalink=\"https:\/\/www.tuseichholzremmighausen.de\/wordpress\/zeitachse-der-vorstand-des-tus-vor-und-nach-1945\/unbenannt\" data-orig-file=\"https:\/\/i0.wp.com\/www.tuseichholzremmighausen.de\/wordpress\/wp-content\/uploads\/2025\/12\/Unbenannt.png?fit=375%2C796&amp;ssl=1\" data-orig-size=\"375,796\" data-comments-opened=\"0\" data-image-meta=\"{&quot;aperture&quot;:&quot;0&quot;,&quot;credit&quot;:&quot;&quot;,&quot;camera&quot;:&quot;&quot;,&quot;caption&quot;:&quot;&quot;,&quot;created_timestamp&quot;:&quot;0&quot;,&quot;copyright&quot;:&quot;&quot;,&quot;focal_length&quot;:&quot;0&quot;,&quot;iso&quot;:&quot;0&quot;,&quot;shutter_speed&quot;:&quot;0&quot;,&quot;title&quot;:&quot;&quot;,&quot;orientation&quot;:&quot;0&quot;}\" data-image-title=\"Unbenannt\" data-image-description=\"\" data-image-caption=\"\" data-large-file=\"https:\/\/i0.wp.com\/www.tuseichholzremmighausen.de\/wordpress\/wp-content\/uploads\/2025\/12\/Unbenannt.png?fit=375%2C796&amp;ssl=1\" class=\"aligncenter wp-image-23384 size-full\" src=\"https:\/\/i0.wp.com\/www.tuseichholzremmighausen.de\/wordpress\/wp-content\/uploads\/2025\/12\/Unbenannt.png?resize=375%2C796&#038;ssl=1\" alt=\"\" width=\"375\" height=\"796\" srcset=\"https:\/\/i0.wp.com\/www.tuseichholzremmighausen.de\/wordpress\/wp-content\/uploads\/2025\/12\/Unbenannt.png?w=375&amp;ssl=1 375w, https:\/\/i0.wp.com\/www.tuseichholzremmighausen.de\/wordpress\/wp-content\/uploads\/2025\/12\/Unbenannt.png?resize=141%2C300&amp;ssl=1 141w\" sizes=\"auto, (max-width: 375px) 100vw, 375px\" \/><\/a><\/p>\n<p>&nbsp;<\/p>\n<p>&nbsp;<\/p>\n<p>&nbsp;<\/p>\n","protected":false},"excerpt":{"rendered":"<p>Die Vorst\u00e4nde der 3 Gr\u00fcndervereine des TuS ab 1912: Heinrich Krumsiek von 1912-1918\u00a0 &#8211;\u00a0 &#8222;Frisch-Auf&#8220; Eichholz-Remmighausen Albert W\u00fcnsch von 1919-1933\u00a0<\/p>\n","protected":false},"author":2,"featured_media":0,"parent":0,"menu_order":0,"comment_status":"closed","ping_status":"closed","template":"","meta":{"colormag_page_container_layout":"default_layout","colormag_page_sidebar_layout":"default_layout","footnotes":""},"class_list":["post-13440","page","type-page","status-publish","hentry"],"jetpack_sharing_enabled":true,"_links":{"self":[{"href":"https:\/\/www.tuseichholzremmighausen.de\/wordpress\/wp-json\/wp\/v2\/pages\/13440","targetHints":{"allow":["GET"]}}],"collection":[{"href":"https:\/\/www.tuseichholzremmighausen.de\/wordpress\/wp-json\/wp\/v2\/pages"}],"about":[{"href":"https:\/\/www.tuseichholzremmighausen.de\/wordpress\/wp-json\/wp\/v2\/types\/page"}],"author":[{"embeddable":true,"href":"https:\/\/www.tuseichholzremmighausen.de\/wordpress\/wp-json\/wp\/v2\/users\/2"}],"replies":[{"embeddable":true,"href":"https:\/\/www.tuseichholzremmighausen.de\/wordpress\/wp-json\/wp\/v2\/comments?post=13440"}],"version-history":[{"count":0,"href":"https:\/\/www.tuseichholzremmighausen.de\/wordpress\/wp-json\/wp\/v2\/pages\/13440\/revisions"}],"wp:attachment":[{"href":"https:\/\/www.tuseichholzremmighausen.de\/wordpress\/wp-json\/wp\/v2\/media?parent=13440"}],"curies":[{"name":"wp","href":"https:\/\/api.w.org\/{rel}","templated":true}]}}