{"id":2377,"date":"2011-06-10T19:47:39","date_gmt":"2011-06-10T18:47:39","guid":{"rendered":"http:\/\/www.tuseichholzremmighausen.de\/wordpress"},"modified":"2026-03-05T15:15:20","modified_gmt":"2026-03-05T14:15:20","slug":"sport-von-a-z","status":"publish","type":"page","link":"https:\/\/www.tuseichholzremmighausen.de\/wordpress\/sport-von-a-z","title":{"rendered":"Sport von A-Z"},"content":{"rendered":"<p>Das Sportangebot des TuS Eichholz-Remmighausen bietet jede Woche etwa 40 M\u00f6glichkeiten sich sportlich zu bet\u00e4tigen. Der Link f\u00fchrt zur jeweiligen Gruppe, um zu genaueren Informationen wie Ansprechperson, \u00dcbungsabende etc. zu gelangen. \u00a0Zur besseren Orientierung hier die Auflistung aller Sportangebote der vier Abteilungen des TuS Eichholz-Remmighausen:<\/p>\n<p><strong><span style=\"font-size: 14pt;\">Fu\u00dfballabteilung:<\/span><\/strong><\/p>\n<ul>\n<li><a href=\"https:\/\/www.tuseichholzremmighausen.de\/wordpress\/fussballjugend\/maennl-fussballjugend\"><strong>A-Junioren <\/strong><\/a>\u00a0(Alter 17-18 Jahre)<\/li>\n<li><a href=\"https:\/\/www.tuseichholzremmighausen.de\/wordpress\/fussballjugend\/maennl-fussballjugend\"><strong>B-Junioren<\/strong><\/a> (Alter 15-16 Jahre)<\/li>\n<li><a href=\"https:\/\/www.tuseichholzremmighausen.de\/wordpress\/fussballjugend\/maennl-fussballjugend\"><strong>B-Juniorinnen<\/strong><\/a> (Alter 15-16 Jahre)<\/li>\n<li><a href=\"https:\/\/www.tuseichholzremmighausen.de\/wordpress\/fussballjugend\/maennl-fussballjugend\"><strong>C-Junioren<\/strong><\/a> (Alter 13-14 Jahre)<\/li>\n<li><a href=\"https:\/\/www.tuseichholzremmighausen.de\/wordpress\/fussballjugend\/maennl-fussballjugend\"><strong>C-Juniorinnen<\/strong><\/a> (Alter 13-14 Jahre)<\/li>\n<li><a href=\"https:\/\/www.tuseichholzremmighausen.de\/wordpress\/fussballjugend\/maennl-fussballjugend\"><strong>D-Junior(inn)en<\/strong><\/a> (Alter 11-12 Jahre, M\u00e4dchen und Jungen)<\/li>\n<li><a href=\"https:\/\/www.tuseichholzremmighausen.de\/wordpress\/fussballjugend\/maennl-fussballjugend\"><strong>E-Junior(inn)en<\/strong><\/a> (Alter 9-10 Jahre, M\u00e4dchen und Jungen)<\/li>\n<li><a href=\"https:\/\/www.tuseichholzremmighausen.de\/wordpress\/fussballjugend\/maennl-fussballjugend\"><strong>F-Junior(inn)en<\/strong><\/a> (Alter 7-8 Jahre, M\u00e4dchen und Jungen)<\/li>\n<li><a href=\"https:\/\/www.tuseichholzremmighausen.de\/wordpress\/fussballjugend\/maennl-fussballjugend\"><strong>Minikicker<\/strong><\/a> (Alter bis 6 Jahre, M\u00e4dchen und Jungen)<\/li>\n<li><a href=\"https:\/\/www.tuseichholzremmighausen.de\/wordpress\/fussballweiblich\"><strong>Fu\u00dfballfrauen<\/strong><\/a> (Alter ab 17 Jahre)<\/li>\n<li><a href=\"https:\/\/www.tuseichholzremmighausen.de\/wordpress\/seniorenmannschaften\"><strong>Fu\u00dfballm\u00e4nner<\/strong><\/a> (Alter ab 19 Jahre)<\/li>\n<li><a href=\"https:\/\/www.tuseichholzremmighausen.de\/wordpress\/seniorenmannschaften\"><strong>AH-Fu\u00dfball<\/strong><\/a> (Alter ab 32 Jahre)<\/li>\n<li><a href=\"https:\/\/www.tuseichholzremmighausen.de\/wordpress\/seniorenmannschaften\"><strong>AH-Fu\u00dfball<\/strong><\/a> (Fu\u00dfballtennis ab 50 Jahre)<\/li>\n<li><a href=\"https:\/\/www.tuseichholzremmighausen.de\/wordpress\/gehfussball\"><strong>Gehfu\u00dfball<\/strong><\/a>\u00a0(Fu\u00dfball f\u00fcr alle)<\/li>\n<\/ul>\n<p><strong><span style=\"font-size: 14pt;\">Schachabteilung:<\/span><\/strong><\/p>\n<ul>\n<li><a href=\"https:\/\/www.tuseichholzremmighausen.de\/wordpress\/schach\/mannschaften\"><strong>Schach <\/strong><\/a>\u00a0(Alle Altersklassen)<\/li>\n<\/ul>\n<p><strong><span style=\"font-size: 14pt;\">\u00a0Abteilung TuL: <\/span><\/strong><strong><span style=\"font-size: 14pt;\">Turnen und Leichtathletik<\/span><\/strong><\/p>\n<ul>\n<li><a href=\"https:\/\/www.tuseichholzremmighausen.de\/wordpress\/tul\/turngruppen\"><strong>Eltern-Kind-Turnen <\/strong><\/a>\u00a0(Alter 1-6 Jahre)<\/li>\n<li><a href=\"https:\/\/www.tuseichholzremmighausen.de\/wordpress\/tul\/turngruppen\"><strong>Haltungsturnen Dr. Schm\u00fccker<\/strong><\/a> (gemischte Gruppe)<\/li>\n<li><a href=\"https:\/\/www.tuseichholzremmighausen.de\/wordpress\/tul\/turngruppen\"><strong>Fitness<\/strong><\/a> (Frauen)<\/li>\n<li><a href=\"https:\/\/www.tuseichholzremmighausen.de\/wordpress\/tul\/turngruppen\"><strong>Kraft-Ausdauer<\/strong><\/a> (M\u00e4nner)<\/li>\n<li><a href=\"https:\/\/www.tuseichholzremmighausen.de\/wordpress\/tul\/leichtathletik\"><strong>Leichtathletik<\/strong><\/a> (M\u00e4dchen und Jungen 1-5 Schuljahr)<\/li>\n<li><a href=\"https:\/\/www.tuseichholzremmighausen.de\/wordpress\/tul\/leichtathletik\"><strong>Leichtathletik<\/strong><\/a> (Alter ab 12 Jahre) in der LG Lippe S\u00fcd<\/li>\n<li><a href=\"https:\/\/www.tuseichholzremmighausen.de\/wordpress\/tul\/sportgruppen\"><strong>Badminton<\/strong><\/a> (gemischte Gruppe)<\/li>\n<li><a href=\"https:\/\/www.tuseichholzremmighausen.de\/wordpress\/tul\/sportgruppen\"><strong>Basketball<\/strong><\/a> (M\u00e4dchen und Jungen\u00a0 8-12 Jahre)<\/li>\n<li><a href=\"https:\/\/www.tuseichholzremmighausen.de\/wordpress\/tul\/sportgruppen\"><strong>Tischtennis<\/strong><\/a> (M\u00e4dchen und Jungen\u00a0 10-16 Jahre)<\/li>\n<li><a href=\"https:\/\/www.tuseichholzremmighausen.de\/wordpress\/tul\/sportgruppen\"><strong>Tai Chi<\/strong><\/a> (gemischte Gruppe)<\/li>\n<li><a href=\"https:\/\/www.tuseichholzremmighausen.de\/wordpress\/tul\/sportgruppen\"><strong>Aerobic<\/strong><\/a> (Frauen)<\/li>\n<li><a href=\"https:\/\/www.tuseichholzremmighausen.de\/wordpress\/tul\/sportgruppen\"><strong>Einradfahren<\/strong><\/a> (M\u00e4dchen und Jungen\u00a0 8-14 Jahre)<\/li>\n<\/ul>\n<p><strong><span style=\"font-size: 14pt;\">Abteilung TuL: <\/span><\/strong><strong><span style=\"font-size: 14pt;\">Tanzen\u00a0<\/span><\/strong><\/p>\n<ul>\n<li><a href=\"https:\/\/www.tuseichholzremmighausen.de\/wordpress\/tanzen\/tanzgruppen\"><strong>Jenga<\/strong><\/a> (Jahrgang Sommer 2016 \u2013 Sommer 2018)<\/li>\n<li><a href=\"https:\/\/www.tuseichholzremmighausen.de\/wordpress\/tanzen\/tanzgruppen\"><strong>Melodie<\/strong><\/a> (Jahrgang Sommer 2014 \u2013 Sommer 2016)<\/li>\n<li><a href=\"https:\/\/www.tuseichholzremmighausen.de\/wordpress\/tanzen\/tanzgruppen\"><strong>Memories<\/strong><\/a> (Alter 7 \u2013 9 Jahre)<\/li>\n<li><a href=\"https:\/\/www.tuseichholzremmighausen.de\/wordpress\/tanzen\/tanzgruppen\"><strong>Daisy\u2018s <\/strong><\/a>\u00a0(Jahrgang 2011 \u2013 2013)<\/li>\n<li><a href=\"https:\/\/www.tuseichholzremmighausen.de\/wordpress\/tanzen\/tanzgruppen\"><strong>Puzzle\u2018s<\/strong><\/a> (Jahrgang 2005 \u2013 2007)<\/li>\n<li><a href=\"https:\/\/www.tuseichholzremmighausen.de\/wordpress\/tanzen\/tanzgruppen\"><strong>Mariposa<\/strong><\/a> (Jahrgang 2002 \u2013 2004)<\/li>\n<li><a href=\"https:\/\/www.tuseichholzremmighausen.de\/wordpress\/tanzen\/tanzgruppen\"><strong>Crazy Angels<\/strong><\/a> (Alter 12 \u2013 16 Jahre)<\/li>\n<\/ul>\n","protected":false},"excerpt":{"rendered":"<p>Das Sportangebot des TuS Eichholz-Remmighausen bietet jede Woche etwa 40 M\u00f6glichkeiten sich sportlich zu bet\u00e4tigen. Der Link f\u00fchrt zur jeweiligen<\/p>\n","protected":false},"author":2,"featured_media":0,"parent":0,"menu_order":0,"comment_status":"closed","ping_status":"closed","template":"","meta":{"colormag_page_container_layout":"default_layout","colormag_page_sidebar_layout":"default_layout","footnotes":""},"class_list":["post-2377","page","type-page","status-publish","hentry"],"jetpack_sharing_enabled":true,"_links":{"self":[{"href":"https:\/\/www.tuseichholzremmighausen.de\/wordpress\/wp-json\/wp\/v2\/pages\/2377","targetHints":{"allow":["GET"]}}],"collection":[{"href":"https:\/\/www.tuseichholzremmighausen.de\/wordpress\/wp-json\/wp\/v2\/pages"}],"about":[{"href":"https:\/\/www.tuseichholzremmighausen.de\/wordpress\/wp-json\/wp\/v2\/types\/page"}],"author":[{"embeddable":true,"href":"https:\/\/www.tuseichholzremmighausen.de\/wordpress\/wp-json\/wp\/v2\/users\/2"}],"replies":[{"embeddable":true,"href":"https:\/\/www.tuseichholzremmighausen.de\/wordpress\/wp-json\/wp\/v2\/comments?post=2377"}],"version-history":[{"count":0,"href":"https:\/\/www.tuseichholzremmighausen.de\/wordpress\/wp-json\/wp\/v2\/pages\/2377\/revisions"}],"wp:attachment":[{"href":"https:\/\/www.tuseichholzremmighausen.de\/wordpress\/wp-json\/wp\/v2\/media?parent=2377"}],"curies":[{"name":"wp","href":"https:\/\/api.w.org\/{rel}","templated":true}]}}