{"id":8410,"date":"2016-01-14T20:42:13","date_gmt":"2016-01-14T19:42:13","guid":{"rendered":"http:\/\/www.tuseichholzremmighausen.de\/wordpress\/?page_id=8410"},"modified":"2025-01-08T13:12:48","modified_gmt":"2025-01-08T12:12:48","slug":"sportgruppen","status":"publish","type":"page","link":"https:\/\/www.tuseichholzremmighausen.de\/wordpress\/tul\/sportgruppen","title":{"rendered":"Sportgruppen"},"content":{"rendered":"<p><i class=\"easypromoweb-icon-right-circled\"><\/i> <a href=\"#Badminton\">Badminton<\/a><br \/>\n<i class=\"easypromoweb-icon-right-circled\"><\/i> <a href=\"#Basketball\">Basketball<\/a><br \/>\n<i class=\"easypromoweb-icon-right-circled\"><\/i> <a href=\"#Tischtennis\">Tischtennis<\/a><br \/>\n<i class=\"easypromoweb-icon-right-circled\"><\/i> <a href=\"#Tai Chi\">Tai Chi<\/a><br \/>\n<i class=\"easypromoweb-icon-right-circled\"><\/i> <a href=\"#Body fit\">Body fit<\/a><br \/>\n<i class=\"easypromoweb-icon-right-circled\"><\/i> <a href=\"#Einradfahren\">Einradfahren<\/a><\/p>\n<hr \/>\n<h4 id=\"Badminton\"><h4>Badminton<\/h4><br \/><strong>\u00dcbungsleiter:<\/strong><br \/><strong>Kevin Helms<\/strong> <i class=\"easypromoweb-icon-mobile-3\"><\/i> 0170 94 870 99 <br \/><\/h4>\n<p><img data-recalc-dims=\"1\" loading=\"lazy\" decoding=\"async\" data-attachment-id=\"18629\" data-permalink=\"https:\/\/www.tuseichholzremmighausen.de\/wordpress\/tul\/sportgruppen\/tus-er-badminton-gruppe-2023\" data-orig-file=\"https:\/\/i0.wp.com\/www.tuseichholzremmighausen.de\/wordpress\/wp-content\/uploads\/2023\/02\/tus-er-badminton-gruppe-2023.jpg?fit=2048%2C1536&amp;ssl=1\" data-orig-size=\"2048,1536\" data-comments-opened=\"0\" data-image-meta=\"{&quot;aperture&quot;:&quot;0&quot;,&quot;credit&quot;:&quot;&quot;,&quot;camera&quot;:&quot;&quot;,&quot;caption&quot;:&quot;&quot;,&quot;created_timestamp&quot;:&quot;0&quot;,&quot;copyright&quot;:&quot;&quot;,&quot;focal_length&quot;:&quot;0&quot;,&quot;iso&quot;:&quot;0&quot;,&quot;shutter_speed&quot;:&quot;0&quot;,&quot;title&quot;:&quot;&quot;,&quot;orientation&quot;:&quot;0&quot;}\" data-image-title=\"tus-er-badminton-gruppe-2023\" data-image-description=\"\" data-image-caption=\"\" data-large-file=\"https:\/\/i0.wp.com\/www.tuseichholzremmighausen.de\/wordpress\/wp-content\/uploads\/2023\/02\/tus-er-badminton-gruppe-2023.jpg?fit=800%2C600&amp;ssl=1\" class=\"alignnone wp-image-18629\" src=\"https:\/\/i0.wp.com\/www.tuseichholzremmighausen.de\/wordpress\/wp-content\/uploads\/2023\/02\/tus-er-badminton-gruppe-2023.jpg?resize=600%2C450&#038;ssl=1\" alt=\"\" width=\"600\" height=\"450\" srcset=\"https:\/\/i0.wp.com\/www.tuseichholzremmighausen.de\/wordpress\/wp-content\/uploads\/2023\/02\/tus-er-badminton-gruppe-2023.jpg?resize=1024%2C768&amp;ssl=1 1024w, https:\/\/i0.wp.com\/www.tuseichholzremmighausen.de\/wordpress\/wp-content\/uploads\/2023\/02\/tus-er-badminton-gruppe-2023.jpg?resize=300%2C225&amp;ssl=1 300w, https:\/\/i0.wp.com\/www.tuseichholzremmighausen.de\/wordpress\/wp-content\/uploads\/2023\/02\/tus-er-badminton-gruppe-2023.jpg?resize=768%2C576&amp;ssl=1 768w, https:\/\/i0.wp.com\/www.tuseichholzremmighausen.de\/wordpress\/wp-content\/uploads\/2023\/02\/tus-er-badminton-gruppe-2023.jpg?resize=1536%2C1152&amp;ssl=1 1536w, https:\/\/i0.wp.com\/www.tuseichholzremmighausen.de\/wordpress\/wp-content\/uploads\/2023\/02\/tus-er-badminton-gruppe-2023.jpg?w=2048&amp;ssl=1 2048w, https:\/\/i0.wp.com\/www.tuseichholzremmighausen.de\/wordpress\/wp-content\/uploads\/2023\/02\/tus-er-badminton-gruppe-2023.jpg?w=1600&amp;ssl=1 1600w\" sizes=\"auto, (max-width: 600px) 100vw, 600px\" \/><\/p>\n<p>Badminton ist die wettkampfm\u00e4\u00dfige Variante des allseits bekannten Federballspiels. Das athletische und schnelle Spiel stellt hohe Anforderungen an das technische, taktische und konditionelle Verm\u00f6gen des Sportlers und verlangt zudem Reaktionsschnelligkeit und Konzentrationsf\u00e4higkeit.<\/p>\n<p><strong>Training:<\/strong><br \/>\nMontag 18:30 bis 20:00 Uhr &#8211; Halle Remmighausen<br \/>\nMittwoch 20:00 bis 21:30 Uhr &#8211; Halle Remmighausen<\/p>\n<hr \/>\n<h4 id=\"Basketball\"><h4>Basketball<\/h4>M\u00e4dchen und Jungen von 8 bis 12 Jahre<br \/><br \/><strong>\u00dcbungsleiterin:<\/strong><br \/><strong>Lea Gosselke<\/strong> <br \/><br \/><strong>Betreuung:<\/strong><br \/><strong>Annette Schwartmann<\/strong> <i class=\"easypromoweb-icon-mobile-3\"><\/i> 0170 40 22 922 <i class=\"easypromoweb-icon-mail-5\"><\/i> <a href=\"mailto:asc@tus-er.de\">asc@tus-er.de<\/a><br \/><\/h4>\n<p>&nbsp;<\/p>\n<p><strong>Training:<\/strong><br \/>\nDonnerstag 16:00 bis 17:30 Uhr &#8211; Halle Remmighausen<\/p>\n<hr \/>\n<h4 id=\"Tischtennis\"><h4>Tischtennis<\/h4>M\u00e4dchen und Jungen von 8 bis 16 Jahre<br \/><br \/><strong>\u00dcbungsleiterin:<\/strong><br \/><strong>Bettina Martwich<\/strong> <br \/><br \/><strong>Ansprechpartner:<\/strong><br \/><strong>Annette Schwartmann<\/strong> <i class=\"easypromoweb-icon-mobile-3\"><\/i> 0170 40 22 922 <i class=\"easypromoweb-icon-mail-5\"><\/i> <a href=\"mailto:asc@tus-er.de\">asc@tus-er.de<\/a><br \/><\/h4>\n<p><img data-recalc-dims=\"1\" loading=\"lazy\" decoding=\"async\" data-attachment-id=\"12411\" data-permalink=\"https:\/\/www.tuseichholzremmighausen.de\/wordpress\/tul\/sportgruppen\/beitragsbild_tischtennis_2019\" data-orig-file=\"https:\/\/i0.wp.com\/www.tuseichholzremmighausen.de\/wordpress\/wp-content\/uploads\/2019\/10\/beitragsbild_tischtennis_2019-scaled.jpg?fit=2560%2C1440&amp;ssl=1\" data-orig-size=\"2560,1440\" data-comments-opened=\"0\" data-image-meta=\"{&quot;aperture&quot;:&quot;0&quot;,&quot;credit&quot;:&quot;&quot;,&quot;camera&quot;:&quot;&quot;,&quot;caption&quot;:&quot;&quot;,&quot;created_timestamp&quot;:&quot;0&quot;,&quot;copyright&quot;:&quot;&quot;,&quot;focal_length&quot;:&quot;0&quot;,&quot;iso&quot;:&quot;0&quot;,&quot;shutter_speed&quot;:&quot;0&quot;,&quot;title&quot;:&quot;&quot;,&quot;orientation&quot;:&quot;0&quot;}\" data-image-title=\"beitragsbild_tischtennis_2019\" data-image-description=\"\" data-image-caption=\"\" data-large-file=\"https:\/\/i0.wp.com\/www.tuseichholzremmighausen.de\/wordpress\/wp-content\/uploads\/2019\/10\/beitragsbild_tischtennis_2019-scaled.jpg?fit=800%2C450&amp;ssl=1\" class=\"alignnone wp-image-12411\" src=\"https:\/\/i0.wp.com\/www.tuseichholzremmighausen.de\/wordpress\/wp-content\/uploads\/2019\/10\/beitragsbild_tischtennis_2019.jpg?resize=600%2C337&#038;ssl=1\" alt=\"\" width=\"600\" height=\"337\" srcset=\"https:\/\/i0.wp.com\/www.tuseichholzremmighausen.de\/wordpress\/wp-content\/uploads\/2019\/10\/beitragsbild_tischtennis_2019-scaled.jpg?resize=300%2C169&amp;ssl=1 300w, https:\/\/i0.wp.com\/www.tuseichholzremmighausen.de\/wordpress\/wp-content\/uploads\/2019\/10\/beitragsbild_tischtennis_2019-scaled.jpg?resize=600%2C337&amp;ssl=1 600w, https:\/\/i0.wp.com\/www.tuseichholzremmighausen.de\/wordpress\/wp-content\/uploads\/2019\/10\/beitragsbild_tischtennis_2019-scaled.jpg?resize=768%2C432&amp;ssl=1 768w, https:\/\/i0.wp.com\/www.tuseichholzremmighausen.de\/wordpress\/wp-content\/uploads\/2019\/10\/beitragsbild_tischtennis_2019-scaled.jpg?resize=1024%2C576&amp;ssl=1 1024w, https:\/\/i0.wp.com\/www.tuseichholzremmighausen.de\/wordpress\/wp-content\/uploads\/2019\/10\/beitragsbild_tischtennis_2019-scaled.jpg?w=1600&amp;ssl=1 1600w, https:\/\/i0.wp.com\/www.tuseichholzremmighausen.de\/wordpress\/wp-content\/uploads\/2019\/10\/beitragsbild_tischtennis_2019-scaled.jpg?w=2400&amp;ssl=1 2400w\" sizes=\"auto, (max-width: 600px) 100vw, 600px\" \/><br \/>\n<strong>Training:<\/strong><br \/>\nDienstag 17:30 bis 18:30 Uhr &#8211; Halle Eichholz<\/p>\n<hr \/>\n<h4 id=\"Tai Chi\"><h4>Tai Chi<\/h4><br \/><strong>\u00dcbungsleiterin:<\/strong><br \/><strong>Margret T\u00f6nnis-Schnitzerling<\/strong> <i class=\"easypromoweb-icon-mobile-3\"><\/i> 05231 4930 <br \/><\/h4>\n<p><a href=\"https:\/\/www.tuseichholzremmighausen.de\/wordpress\/tul_taichi_400\" rel=\"attachment wp-att-3122\"><img data-recalc-dims=\"1\" loading=\"lazy\" decoding=\"async\" data-attachment-id=\"3122\" data-permalink=\"https:\/\/www.tuseichholzremmighausen.de\/wordpress\/tul\/sportgruppen\/tul_taichi_400\" data-orig-file=\"https:\/\/i0.wp.com\/www.tuseichholzremmighausen.de\/wordpress\/wp-content\/uploads\/2011\/12\/tul_taichi_400.jpg?fit=400%2C266&amp;ssl=1\" data-orig-size=\"400,266\" data-comments-opened=\"1\" data-image-meta=\"{&quot;aperture&quot;:&quot;4.5&quot;,&quot;credit&quot;:&quot;&quot;,&quot;camera&quot;:&quot;NIKON D40&quot;,&quot;caption&quot;:&quot;&quot;,&quot;created_timestamp&quot;:&quot;1309975685&quot;,&quot;copyright&quot;:&quot;&quot;,&quot;focal_length&quot;:&quot;34&quot;,&quot;iso&quot;:&quot;800&quot;,&quot;shutter_speed&quot;:&quot;0.00625&quot;,&quot;title&quot;:&quot;&quot;,&quot;orientation&quot;:&quot;1&quot;}\" data-image-title=\"tul_taichi_400\" data-image-description=\"\" data-image-caption=\"\" data-large-file=\"https:\/\/i0.wp.com\/www.tuseichholzremmighausen.de\/wordpress\/wp-content\/uploads\/2011\/12\/tul_taichi_400.jpg?fit=400%2C266&amp;ssl=1\" class=\"alignnone size-full wp-image-3122\" src=\"https:\/\/i0.wp.com\/www.tuseichholzremmighausen.de\/wordpress\/wp-content\/uploads\/2011\/12\/tul_taichi_400.jpg?resize=400%2C266&#038;ssl=1\" alt=\"Tai Chi\" width=\"400\" height=\"266\" srcset=\"https:\/\/i0.wp.com\/www.tuseichholzremmighausen.de\/wordpress\/wp-content\/uploads\/2011\/12\/tul_taichi_400.jpg?w=400&amp;ssl=1 400w, https:\/\/i0.wp.com\/www.tuseichholzremmighausen.de\/wordpress\/wp-content\/uploads\/2011\/12\/tul_taichi_400.jpg?resize=300%2C199&amp;ssl=1 300w\" sizes=\"auto, (max-width: 400px) 100vw, 400px\" \/><\/a><\/p>\n<p>Tai Chi (Tai Chi Chuan) bedeutet &#8222;h\u00f6chstes Prinzip&#8220;. Ursprung des Tai Chi ist die chinesische Kampfkunst der inneren Stile: Bewegung, Atmung, Entspannung, Meditation und Gesundheit. Damals wie heute geht es um die innere Entwicklung des Menschen, seiner St\u00e4rken und Lebenskraft. Interessenten bitte vorab mit dem \u00dcbungsleiter Kontakt aufnehmen.<\/p>\n<p><strong>Training:<\/strong><br \/>\nMittwoch: 18:15 &#8211; 19:45 Uhr im &#8222;Spiegelsaal&#8220; der Sporthalle des Stadtgymnasiums<\/p>\n<hr \/>\n<h4 id=\"Body fit\"><h4>Body fit<\/h4>Aerobic moves, R\u00fccken- und Bauch\u00fcbungen, Stretching zu Musik<br \/><br \/><strong>\u00dcbungsleiterin:<\/strong><br \/><strong>Cordula Neuser<\/strong> <i class=\"easypromoweb-icon-mobile-3\"><\/i> 0157 54 85 21 59 <br \/><\/h4>\n<p><img data-recalc-dims=\"1\" loading=\"lazy\" decoding=\"async\" data-attachment-id=\"19320\" data-permalink=\"https:\/\/www.tuseichholzremmighausen.de\/wordpress\/tul\/sportgruppen\/tus-er-aerobic-2023\" data-orig-file=\"https:\/\/i0.wp.com\/www.tuseichholzremmighausen.de\/wordpress\/wp-content\/uploads\/2023\/05\/tus-er-aerobic-2023-scaled.jpg?fit=2560%2C1440&amp;ssl=1\" data-orig-size=\"2560,1440\" data-comments-opened=\"0\" data-image-meta=\"{&quot;aperture&quot;:&quot;0&quot;,&quot;credit&quot;:&quot;&quot;,&quot;camera&quot;:&quot;&quot;,&quot;caption&quot;:&quot;&quot;,&quot;created_timestamp&quot;:&quot;0&quot;,&quot;copyright&quot;:&quot;&quot;,&quot;focal_length&quot;:&quot;0&quot;,&quot;iso&quot;:&quot;0&quot;,&quot;shutter_speed&quot;:&quot;0&quot;,&quot;title&quot;:&quot;&quot;,&quot;orientation&quot;:&quot;0&quot;}\" data-image-title=\"tus-er-aerobic-2023\" data-image-description=\"\" data-image-caption=\"\" data-large-file=\"https:\/\/i0.wp.com\/www.tuseichholzremmighausen.de\/wordpress\/wp-content\/uploads\/2023\/05\/tus-er-aerobic-2023-scaled.jpg?fit=800%2C450&amp;ssl=1\" class=\"alignnone wp-image-19320\" src=\"https:\/\/i0.wp.com\/www.tuseichholzremmighausen.de\/wordpress\/wp-content\/uploads\/2023\/05\/tus-er-aerobic-2023.jpg?resize=600%2C338&#038;ssl=1\" alt=\"\" width=\"600\" height=\"338\" srcset=\"https:\/\/i0.wp.com\/www.tuseichholzremmighausen.de\/wordpress\/wp-content\/uploads\/2023\/05\/tus-er-aerobic-2023-scaled.jpg?resize=1024%2C576&amp;ssl=1 1024w, https:\/\/i0.wp.com\/www.tuseichholzremmighausen.de\/wordpress\/wp-content\/uploads\/2023\/05\/tus-er-aerobic-2023-scaled.jpg?resize=300%2C169&amp;ssl=1 300w, https:\/\/i0.wp.com\/www.tuseichholzremmighausen.de\/wordpress\/wp-content\/uploads\/2023\/05\/tus-er-aerobic-2023-scaled.jpg?resize=768%2C432&amp;ssl=1 768w, https:\/\/i0.wp.com\/www.tuseichholzremmighausen.de\/wordpress\/wp-content\/uploads\/2023\/05\/tus-er-aerobic-2023-scaled.jpg?resize=1536%2C864&amp;ssl=1 1536w, https:\/\/i0.wp.com\/www.tuseichholzremmighausen.de\/wordpress\/wp-content\/uploads\/2023\/05\/tus-er-aerobic-2023-scaled.jpg?resize=2048%2C1152&amp;ssl=1 2048w, https:\/\/i0.wp.com\/www.tuseichholzremmighausen.de\/wordpress\/wp-content\/uploads\/2023\/05\/tus-er-aerobic-2023-scaled.jpg?w=1600&amp;ssl=1 1600w, https:\/\/i0.wp.com\/www.tuseichholzremmighausen.de\/wordpress\/wp-content\/uploads\/2023\/05\/tus-er-aerobic-2023-scaled.jpg?w=2400&amp;ssl=1 2400w\" sizes=\"auto, (max-width: 600px) 100vw, 600px\" \/><\/p>\n<p>Du willst mal wieder was f\u00fcr deine Fitness tun?\u00a0Unsere Aerobic Gruppe freut sich \u00fcber neue Gesichter!<\/p>\n<p>Trainiert wird die Gruppe von Cordula Neuser. Die motivierte Frontfrau leitet jeden Donnerstag von 20:00-21:30 Uhr eine bunte gemischte Gruppe. Zu zackigen Aerobic Beats beginnt eine Aufw\u00e4rmung und geht dann in einen Choreoteil \u00fcber. Auch wird die Tiefenmuskulatur mit Sch\u00fcttel-Hanteln aktiv trainiert. Neben einem funktionellen Training auf der Matte\u00a0sowie Pilates-Elementen wird jede Stunde mit Musik individuell aufgebaut. Zum Schluss wird sich nochmal ordentlich gestretcht.<\/p>\n<p>Wer Lust auf auf ein ausgewogenes Training mit Kraft- und Cardioelementen hat, ist bei uns genau richtig. Wir hei\u00dfen jede(n) herzlich willkommen und freuen uns \u00fcber jedes neue Gesicht!<\/p>\n<p>Bei Interesse meldet euch!<\/p>\n<p><strong>Training:<\/strong><br \/>\nDonnerstag 20:00 bis 21:30 Uhr &#8211; Halle Remmighausen<\/p>\n<hr \/>\n<h4 id=\"Einradfahren\"><h4>Einradfahren<\/h4><br \/><strong>\u00dcbungsleiterin:<\/strong><br \/><strong>Annegret Wilberg<\/strong> <i class=\"easypromoweb-icon-mobile-3\"><\/i> 05231 50151 <br \/><br \/><strong>\u00dcbungsleiterhelferin:<\/strong><br \/><strong>Justine Leubecher<\/strong> <br \/><\/h4>\n<p class=\"jetpack-slideshow-noscript robots-nocontent\">Diese Diashow ben\u00f6tigt JavaScript.<\/p><div id=\"gallery-22245-1-slideshow\" class=\"jetpack-slideshow-window jetpack-slideshow jetpack-slideshow-black\" data-trans=\"fade\" data-autostart=\"1\" data-gallery=\"[{&quot;src&quot;:&quot;https:\\\/\\\/i0.wp.com\\\/www.tuseichholzremmighausen.de\\\/wordpress\\\/wp-content\\\/uploads\\\/2024\\\/01\\\/tus-er-einrad-2024-3.jpg?fit=1024%2C683\\u0026ssl=1&quot;,&quot;id&quot;:&quot;20628&quot;,&quot;title&quot;:&quot;tus-er-einrad-2024-3&quot;,&quot;alt&quot;:&quot;&quot;,&quot;caption&quot;:&quot;&quot;,&quot;itemprop&quot;:&quot;image&quot;},{&quot;src&quot;:&quot;https:\\\/\\\/i0.wp.com\\\/www.tuseichholzremmighausen.de\\\/wordpress\\\/wp-content\\\/uploads\\\/2024\\\/01\\\/tus-er-einrad-2024-2.jpg?fit=1024%2C683\\u0026ssl=1&quot;,&quot;id&quot;:&quot;20627&quot;,&quot;title&quot;:&quot;tus-er-einrad-2024-2&quot;,&quot;alt&quot;:&quot;&quot;,&quot;caption&quot;:&quot;&quot;,&quot;itemprop&quot;:&quot;image&quot;},{&quot;src&quot;:&quot;https:\\\/\\\/i0.wp.com\\\/www.tuseichholzremmighausen.de\\\/wordpress\\\/wp-content\\\/uploads\\\/2024\\\/01\\\/tus-er-einrad-2024-1.jpg?fit=1024%2C683\\u0026ssl=1&quot;,&quot;id&quot;:&quot;20626&quot;,&quot;title&quot;:&quot;tus-er-einrad-2024-1&quot;,&quot;alt&quot;:&quot;&quot;,&quot;caption&quot;:&quot;&quot;,&quot;itemprop&quot;:&quot;image&quot;},{&quot;src&quot;:&quot;https:\\\/\\\/i0.wp.com\\\/www.tuseichholzremmighausen.de\\\/wordpress\\\/wp-content\\\/uploads\\\/2023\\\/06\\\/tus-er-einrad-butterflies-2023-4.jpg?fit=1024%2C768\\u0026ssl=1&quot;,&quot;id&quot;:&quot;19738&quot;,&quot;title&quot;:&quot;tus-er-einrad-butterflies-2023-4&quot;,&quot;alt&quot;:&quot;&quot;,&quot;caption&quot;:&quot;&quot;,&quot;itemprop&quot;:&quot;image&quot;},{&quot;src&quot;:&quot;https:\\\/\\\/i0.wp.com\\\/www.tuseichholzremmighausen.de\\\/wordpress\\\/wp-content\\\/uploads\\\/2023\\\/06\\\/tus-er-einrad-butterflies-2023-3.jpg?fit=1024%2C768\\u0026ssl=1&quot;,&quot;id&quot;:&quot;19737&quot;,&quot;title&quot;:&quot;tus-er-einrad-butterflies-2023-3&quot;,&quot;alt&quot;:&quot;&quot;,&quot;caption&quot;:&quot;&quot;,&quot;itemprop&quot;:&quot;image&quot;},{&quot;src&quot;:&quot;https:\\\/\\\/i0.wp.com\\\/www.tuseichholzremmighausen.de\\\/wordpress\\\/wp-content\\\/uploads\\\/2022\\\/07\\\/tus-er-einrad-auftritt-bahnhof-2022-07.jpeg?fit=2048%2C1536\\u0026ssl=1&quot;,&quot;id&quot;:&quot;16952&quot;,&quot;title&quot;:&quot;tus-er-einrad-auftritt-bahnhof-2022-07&quot;,&quot;alt&quot;:&quot;&quot;,&quot;caption&quot;:&quot;&quot;,&quot;itemprop&quot;:&quot;image&quot;},{&quot;src&quot;:&quot;https:\\\/\\\/i0.wp.com\\\/www.tuseichholzremmighausen.de\\\/wordpress\\\/wp-content\\\/uploads\\\/2022\\\/07\\\/tus-er-einrad-auftritt-bahnhof-2022-06.jpeg?fit=1024%2C683\\u0026ssl=1&quot;,&quot;id&quot;:&quot;16951&quot;,&quot;title&quot;:&quot;tus-er-einrad-auftritt-bahnhof-2022-06&quot;,&quot;alt&quot;:&quot;&quot;,&quot;caption&quot;:&quot;&quot;,&quot;itemprop&quot;:&quot;image&quot;},{&quot;src&quot;:&quot;https:\\\/\\\/i0.wp.com\\\/www.tuseichholzremmighausen.de\\\/wordpress\\\/wp-content\\\/uploads\\\/2022\\\/07\\\/tus-er-einrad-auftritt-bahnhof-2022-05.jpeg?fit=2048%2C1536\\u0026ssl=1&quot;,&quot;id&quot;:&quot;16950&quot;,&quot;title&quot;:&quot;tus-er-einrad-auftritt-bahnhof-2022-05&quot;,&quot;alt&quot;:&quot;&quot;,&quot;caption&quot;:&quot;&quot;,&quot;itemprop&quot;:&quot;image&quot;},{&quot;src&quot;:&quot;https:\\\/\\\/i0.wp.com\\\/www.tuseichholzremmighausen.de\\\/wordpress\\\/wp-content\\\/uploads\\\/2022\\\/07\\\/tus-er-einrad-auftritt-bahnhof-2022-04.jpeg?fit=640%2C924\\u0026ssl=1&quot;,&quot;id&quot;:&quot;16949&quot;,&quot;title&quot;:&quot;tus-er-einrad-auftritt-bahnhof-2022-04&quot;,&quot;alt&quot;:&quot;&quot;,&quot;caption&quot;:&quot;&quot;,&quot;itemprop&quot;:&quot;image&quot;},{&quot;src&quot;:&quot;https:\\\/\\\/i0.wp.com\\\/www.tuseichholzremmighausen.de\\\/wordpress\\\/wp-content\\\/uploads\\\/2022\\\/07\\\/tus-er-einrad-auftritt-bahnhof-2022-02.jpeg?fit=2048%2C1536\\u0026ssl=1&quot;,&quot;id&quot;:&quot;16947&quot;,&quot;title&quot;:&quot;tus-er-einrad-auftritt-bahnhof-2022-02&quot;,&quot;alt&quot;:&quot;&quot;,&quot;caption&quot;:&quot;&quot;,&quot;itemprop&quot;:&quot;image&quot;},{&quot;src&quot;:&quot;https:\\\/\\\/i0.wp.com\\\/www.tuseichholzremmighausen.de\\\/wordpress\\\/wp-content\\\/uploads\\\/2022\\\/07\\\/tus-er-einrad-auftritt-bahnhof-2022-01.jpeg?fit=1024%2C683\\u0026ssl=1&quot;,&quot;id&quot;:&quot;16946&quot;,&quot;title&quot;:&quot;tus-er-einrad-auftritt-bahnhof-2022-01&quot;,&quot;alt&quot;:&quot;&quot;,&quot;caption&quot;:&quot;&quot;,&quot;itemprop&quot;:&quot;image&quot;}]\" itemscope itemtype=\"https:\/\/schema.org\/ImageGallery\"><\/div>\n<p>Wir, die M\u00e4dels von der Einradgruppe \u201eButterflies\u201c sind eine bunt gemischte Gruppe zwischen 8 und 16 Jahren. Da uns das Fahren auf zwei R\u00e4dern zu langweilig ist, erlernen wir gemeinsam das Fahren auf dem Einrad. Hat man den Trick einmal raus und kann sicher geradeaus fahren, erweitern wir die Fahrt um viele stilistische und akrobatische Elemente. Ob R\u00fcckw\u00e4rts -oder Einbeinigfahren &#8211; mit ein bisschen Geduld sind fast keine Grenzen gesetzt. Dabei profitieren Anf\u00e4nger nat\u00fcrlich von den Erfahrungen derer die es bereits erlernt haben und erg\u00e4nzen uns gegenseitig.<\/p>\n<p>Du m\u00f6chtest das Einradfahren auch mal ausprobieren oder hast sogar schon Erfahrungen und suchst eine Gruppe? Dann melde dich einfach bei Annegret Wilberg oder schau zu unseren Trainingszeiten einfach mal vorbei. Wir freuen uns \u00fcber jedes neue Gesicht.<\/p>\n<p><strong>Training:<\/strong><br \/>\nFreitag von 16:30 bis 18:00 Uhr &#8211; Halle Remmighausen<\/p>\n","protected":false},"excerpt":{"rendered":"<p>Badminton Basketball Tischtennis Tai Chi Body fit Einradfahren Badminton ist die wettkampfm\u00e4\u00dfige Variante des allseits bekannten Federballspiels. Das athletische und<\/p>\n","protected":false},"author":2,"featured_media":0,"parent":9,"menu_order":0,"comment_status":"closed","ping_status":"closed","template":"","meta":{"colormag_page_container_layout":"default_layout","colormag_page_sidebar_layout":"default_layout","footnotes":""},"class_list":["post-8410","page","type-page","status-publish","hentry"],"jetpack_sharing_enabled":false,"_links":{"self":[{"href":"https:\/\/www.tuseichholzremmighausen.de\/wordpress\/wp-json\/wp\/v2\/pages\/8410","targetHints":{"allow":["GET"]}}],"collection":[{"href":"https:\/\/www.tuseichholzremmighausen.de\/wordpress\/wp-json\/wp\/v2\/pages"}],"about":[{"href":"https:\/\/www.tuseichholzremmighausen.de\/wordpress\/wp-json\/wp\/v2\/types\/page"}],"author":[{"embeddable":true,"href":"https:\/\/www.tuseichholzremmighausen.de\/wordpress\/wp-json\/wp\/v2\/users\/2"}],"replies":[{"embeddable":true,"href":"https:\/\/www.tuseichholzremmighausen.de\/wordpress\/wp-json\/wp\/v2\/comments?post=8410"}],"version-history":[{"count":0,"href":"https:\/\/www.tuseichholzremmighausen.de\/wordpress\/wp-json\/wp\/v2\/pages\/8410\/revisions"}],"up":[{"embeddable":true,"href":"https:\/\/www.tuseichholzremmighausen.de\/wordpress\/wp-json\/wp\/v2\/pages\/9"}],"wp:attachment":[{"href":"https:\/\/www.tuseichholzremmighausen.de\/wordpress\/wp-json\/wp\/v2\/media?parent=8410"}],"curies":[{"name":"wp","href":"https:\/\/api.w.org\/{rel}","templated":true}]}}